by b?
5
Let l(f) = -4*f - 4. Let u = 531 + -369. Suppose 2*x - 4*i - u = 0, 4*i = -2*x + 163 - 17. Calculate the remainder when x is divided by l(-6).
17
Let y(n) = 4*n**2 - 4*n + 7. Let p(x) = x**3 - 8*x**2 - 4*x + 13. What is the remainder when p(9) is divided by y(2)?
13
Let h(d) = -15*d - 22. Calculate the remainder when 31 is divided by h(-2).
7
Let d be -6 + (3 - (0 - -1)). Let i = 1 - d. Suppose 0 = -i*x + 78 + 197. What is the remainder when x is divided by 14?
13
Let r be (-32)/(-6) + (-2)/6. Suppose 2*n + 35 = g, -7*n + 145 = 3*g - r*n. What is the remainder when g is divided by -2 + (18 - 0/1)?
13
Suppose 2*b - 5*b + 24 = o, -36 = -3*b + 3*o. Let x be (-1)/(-1)*(-6 + 16). Suppose b*v - 11*v = -x. Calculate the remainder when 13 is divided by v.
3
Let m(q) = 7*q - 20. Let d(s) = -4*s + 10. Let b(t) = -5*d(t) - 3*m(t). What is the remainder when 65 is divided by b(-4)?
9
Let s(c) = 43*c + 2. Let d be (2/3)/(14/21). Let q be s(d). Let r = 84 - q. What is the remainder when r is divided by 14?
11
Suppose -6*a = -83 - 85. Calculate the remainder when 783 is divided by a.
27
Let f be 3*((-5)/15 + 2). Suppose 3*i - 5*n = -18 + 53, 0 = -f*i - 3*n + 81. Calculate the remainder when i is divided by 4.
3
Let o(n) = 3*n + 77. Suppose 55 = -2*t + 7*t. What is the remainder when o(-13) is divided by t?
5
What is the remainder when (-826)/(-6) + (-24)/36 is divided by (-2)/(-3) + (-103)/(-3)?
32
Let i(k) = 4*k**3 + 0*k - 6 + 5 - k. Let h(z) = 116*z - 2. Calculate the remainder when h(1) is divided by i(2).
27
Let i be (-8)/44 - (-316)/44. Suppose 0 = -2*h - u + 81, -9*u = -i*u - 6. Calculate the remainder when h is divided by 14.
11
Suppose 0 = 24*l + 3*l - 1782. What is the remainder when 461 is divided by l?
65
Let f(n) = 3*n**2 - 176*n + 355. What is the remainder when 116 is divided by f(2)?
11
Calculate the remainder when (103 + -1)*(-8)/(-6) is divided by 7*(-3)/(9/15)*-1.
31
Let y = -56 + 60. Suppose -4*o + 5*n + 224 = 0, 4*n = -y*o + n + 224. Calculate the remainder when o is divided by -2*(-57)/(-18)*-3.
18
Suppose 0 = -25*u + 78*u - 24115. What is the remainder when u is divided by 22?
15
Let j be 20 - -7 - (2 + 1). Suppose -4*c + c + j = 0. Suppose 3*s - 63 = -0*q + 3*q, 3*q - 98 = -4*s. What is the remainder when s is divided by c?
7
Let o(n) be the second derivative of n**4/6 + 25*n**3/6 + 21*n**2/2 - 18*n. What is the remainder when 24 is divided by o(-12)?
6
Let v(k) = -20*k**3 - 2*k - 1. Calculate the remainder when v(-1) is divided by 4*(-5)/(-40)*16.
5
Suppose 428 = 3*i - 799. Let f(q) = -60*q + 249. Let k be f(9). Let l = i + k. What is the remainder when l is divided by 40?
38
Suppose 10*k = 7*k + 177. Suppose -3*q + 31 = c, -4*q - 4*c - 15 = -k. Let w(g) = -4*g + 8. Calculate the remainder when w(-5) is divided by q.
8
Let d be (8/6)/(22/(-33)). Let w be (3/2 + d)*-2. What is the remainder when (60 - 3) + (w - 3) is divided by 28?
27
Suppose -3*d = i - 1453, -5*d + 2*i + 573 = -1834. What is the remainder when -2*9/12 + d/6 is divided by 27?
25
Let u = 109 + -27. What is the remainder when u is divided by 14?
12
Suppose 0 = -k + 4*f - 1 - 7, 4*f = 5*k - 24. What is the remainder when k is divided by 4?
0
Let b(a) = 121*a - 58. What is the remainder when 301 is divided by b(1)?
49
Suppose 22*s - 11*s - 242 = 0. Calculate the remainder when 42 is divided by s.
20
Calculate the remainder when -25*9*((-315)/(-27) + -13) is divided by 38.
34
Suppose -2*x + 6*x = 56. Suppose 348 = -11*u + x*u. What is the remainder when u is divided by 13?
12
Suppose -4*u - 9 = -u. Let p be 2/u*1*-111. Suppose 6*q = 22 + p. Calculate the remainder when 61 is divided by q.
13
Let v = 25 + -14. Suppose -3*o = -v - 76. What is the remainder when o is divided by 12?
5
Suppose -4*y + 4*z = -2*y + 164, -167 = 2*y - 3*z. Let u = y - -179. Calculate the remainder when u is divided by 24.
19
Calculate the remainder when (-1341)/(-21) + 15 - (-2)/14 is divided by 37.
5
Let c = -222 + 468. What is the remainder when c is divided by 10?
6
What is the remainder when 1919 is divided by 500/12 + (1 - 8/3)?
39
Suppose 0 = 8*x - 9*x + 7. Suppose -q + 5 + 4 = 0. What is the remainder when q is divided by x*(-4 + 64/14)?
1
Let o be 0/((-4)/(6 - 2)) - -18. Let d(q) = 4*q - 42. What is the remainder when d(o) is divided by 12?
6
Let w be (-1)/5 + (-333)/(-15). Let i = w - 14. Let k(j) = -15*j + 98. What is the remainder when k(4) is divided by i?
6
Suppose 2*t + 2 = 8, -4*t = -2*c - 8. Suppose -c*u - 1 = -4*n + 3, u + n - 10 = 0. What is the remainder when 16 is divided by u?
4
Suppose -h - q + 61 = -8, -5*q = 0. Suppose -h = -4*j - 3*a, 0*j + 2*a = 5*j - 92. What is the remainder when 25 is divided by j?
7
What is the remainder when (4 - 72/48)*(-402)/(-5) is divided by 30?
21
Suppose -2*v + r + 237 = 0, -4*v + 135 = 3*r - 364. What is the remainder when v is divided by 10?
1
Suppose 0 = 3*p - 0*p + 5*j - 3, -4*j = -12. Let o(s) = -s**3 - 2*s**2 + s + 1. Calculate the remainder when (26/p)/(1/(-2)) is divided by o(-3).
6
Calculate the remainder when 25 is divided by (-5 - -4)*(-11 + 2).
7
Let g = -134 - -134. Suppose 0 = -g*b - b + 51. Calculate the remainder when b is divided by 13.
12
Let s = 559 + -356. Calculate the remainder when s is divided by 34.
33
Let i be 1 - (-1 + 0/(-3)). Suppose 60 = 4*d + d - 2*x, -i*d + 30 = -2*x. What is the remainder when d is divided by 3/(-7) + (-62)/(-14)?
2
Suppose 0*d + 3*l + 46 = -5*d, 2*d + 14 = l. Calculate the remainder when 87 is divided by -18*(0 - (-20)/d).
42
Suppose -2*d + 4*p = -5*d + 90, p + 37 = d. Suppose -10 - 2 = -z. Let s = d - z. What is the remainder when 86 is divided by s?
20
Let i(g) be the second derivative of 4*g**5/5 - g**4/12 + g**2/2 + 16*g. Suppose -1 = -4*h + 3. What is the remainder when i(h) is divided by 9?
7
Let z(j) = 27*j**2 + 3*j - 8. What is the remainder when z(2) is divided by (-4)/(1 + (-8)/6)?
10
Calculate the remainder when 36 is divided by ((-1)/2)/(4/(-152)).
17
Suppose -65*k + 98 = -58*k. What is the remainder when 123 is divided by k?
11
What is the remainder when 340 is divided by -3 + 1 - (2 + -42 + 0)?
36
What is the remainder when (-1056)/(-88)*19/3 is divided by 41?
35
Suppose -3*l + 4*g + 103 = 0, 210 = -4*l + 9*l + g. Calculate the remainder when 77 is divided by l.
36
Let x be -7 + 6 + 23 + -1 + 1. Let a = x + 4. Calculate the remainder when 75 is divided by a.
23
Suppose -13 = 15*k - 1153. What is the remainder when k is divided by 51?
25
Let s be -1 + 2 - (21 - 8). What is the remainder when 4 is divided by (s/(-36))/(1/3)?
0
Suppose 3*f = -5*b + 1694 - 487, 5*f - 5*b = 1945. What is the remainder when f is divided by 131?
1
Suppose 0*s + 59 = -g + 3*s, 0 = -3*g + 4*s - 162. Suppose 19*b = 14*b + 25. Let l = b - g. Calculate the remainder when l is divided by 19.
17
Suppose 7*u + 3*u = 120. What is the remainder when 238 is divided by u?
10
Suppose 5*l - 59 = m, -2*m - 1 = l + m. Let i(b) = -4*b + 12*b**2 - 3*b**3 - 2*b + 2*b**3 + 19*b + 19. Calculate the remainder when i(13) is divided by l.
8
Let l(d) = -d**2 - 47*d - 151. Calculate the remainder when 1637 is divided by l(-43).
20
Suppose -3*i + 7 = 1. Suppose -81 = -5*z + 4*d + i, 2*z - 5*d - 40 = 0. What is the remainder when 43 is divided by z?
13
Let a(g) = g**2 + g + 3. Let f be a(0). Suppose 0 = 4*p - f*p - 3. Suppose -17 = p*z - 311. Calculate the remainder when z is divided by 25.
23
Let t = -14 + 52. Calculate the remainder when 224 is divided by t.
34
Suppose 3*b = 6*b + 177. Let r be (-1 + b)*6/(-9). Let l = r - 17. Calculate the remainder when 68 is divided by l.
22
Suppose 5*s = -5*a + 770, 5*a - 770 = -0*s - 3*s. What is the remainder when a is divided by 26?
24
Suppose 0 = -s + 6*s - 55. Suppose 4*r - l - 213 = -2*l, -l - 203 = -4*r. What is the remainder when r is divided by s?
8
Suppose 5*r - 186 = 4*d - 907, 896 = 5*d - r. Calculate the remainder when d is divided by 36.
35
Suppose 0 = -19*r + 24*r - 80. Let g(h) = -h + 11. Let x be g(9). Suppose x*s = -s + 183. Calculate the remainder when s is divided by r.
13
Let v = -492 + 505. Calculate the remainder when 258 is divided by v.
11
What is the remainder when 483 is divided by (-78)/(-18) + -4 - (-584)/12?
42
Let r be (3 + 15/(-6))*62. Suppose 3*a - 